{"id":1308,"date":"2021-09-26T13:23:04","date_gmt":"2021-09-26T11:23:04","guid":{"rendered":"https:\/\/kiszo.hhrf.org\/seo\/?page_id=1308"},"modified":"2021-12-11T11:52:59","modified_gmt":"2021-12-11T09:52:59","slug":"mentes","status":"publish","type":"page","link":"https:\/\/kiszo.hhrf.org\/seo\/mentes\/","title":{"rendered":"Ment\u00e9s m\u00e1sk\u00e9nt &#8211; elveszett \u00edr\u00e1sok"},"content":{"rendered":"<p>Megsz\u0171nt blogokb\u00f3l, elt\u0171nt honlapokr\u00f3l mentett, meg megl\u00e9v\u0151 oldalakon m\u00e1r el nem \u00e9rhet\u0151, \u00e9rdekesnek, \u00e9rt\u00e9kesnek gondolt anyagok, napl\u00f3jegyzetek, cikkek sorakoznak e rovatban.<\/p>\n<p>Az elm\u00falt 15 \u00e9vben p\u00e9ld\u00e1ul ezek a k\u00f6z\u00f6ss\u00e9gi bloghelyek t\u0171ntek el az internetr\u0151l: freeblog, blogter, blogol, nolblog. Korl\u00e1tozott\u00e1 v\u00e1lt a cafeblog haszn\u00e1lata. Sok port\u00e1l \u00fagy \u00fajult meg, rendez\u0151d\u00f6tt \u00e1t, hogy arch\u00edvumuk vagy annak nagy r\u00e9sze\u00a0 el\u00e9rhetetlenn\u00e9 v\u00e1lt (pl. Papiruszport\u00e1l, KISZ\u00f3). \u00cdr\u00f3k, \u00fajs\u00e1g\u00edr\u00f3k, bloggerek k\u00f6lt\u00f6ztek \u00e1t m\u00e1s-m\u00e1s helyekre &#8211; h\u00e1trahagyott \u00edr\u00e1saik gyakran odavesztek (Pepita &#8211; J\u00f3n\u00e1s Tam\u00e1s oldala, \u00c1lomfejt\u0151 blog &#8211; Lux Erik, Online marketing blog &#8211; Pollner). Akadnak, akik egyszer\u0171en becsukt\u00e1k a boltot, leh\u00fazt\u00e1k a red\u0151nyt &#8211; vagy, ha fizetett hely volt, egyszer\u0171en nem \u00faj\u00edtott\u00e1k meg a domaint, t\u00e1rhelyb\u00e9rletet. A <strong>ment\u00e9s m\u00e1sk\u00e9nt<\/strong> (save as) rovatban ilyen \u00e9rdekess\u00e9gek szerepelnek &#8211; a legk\u00fcl\u00f6nb\u00f6z\u0151bb t\u00e9m\u00e1ban, helyekr\u0151l, szerz\u0151kt\u0151l &#8211; nem ritk\u00e1n ismeretlen, elfeledett forr\u00e1sb\u00f3l, olykor n\u00e9v n\u00e9lk\u00fcl.<\/p>\n<ul class=\"submenu-container\">\n<li class=\"wp-block-pages-list__item\"><a class=\"wp-block-pages-list__item__link\" href=\"https:\/\/kiszo.hhrf.org\/seo\/mentes\/tudomanyos-baleset-diurnus\/\">Tudom\u00e1nyos baleset (diurnus)<\/a><\/li>\n<li><a class=\"wp-block-pages-list__item__link\" href=\"https:\/\/kiszo.hhrf.org\/seo\/mentes\/edek-te-bitang-mrozek-tango\/\">Edek, te bitang, \u00f3! &#8211; Mro\u017cek: Tangg\u00f3 (leho)<\/a><\/li>\n<li class=\"wp-block-pages-list__item\"><a class=\"wp-block-pages-list__item__link\" href=\"https:\/\/kiszo.hhrf.org\/seo\/mentes\/puci-plebejus-nagyhenceg\/\">Puci, a plebejus (nagyhenceg)<\/a><\/li>\n<\/ul>\n<hr \/>\n<p>M\u00e1s: <a title=\"SEO PR CIKKEK. Term\u00e9k aj\u00e1nl\u00f3 marketing oldal\" href=\"https:\/\/seoprcikk.wordpress.com\/\" target=\"_blank\" rel=\"noopener\">SEO PR cikk megjelentet\u00e9s<\/a><\/p>\n","protected":false},"excerpt":{"rendered":"<p>Megsz\u0171nt blogokb\u00f3l, elt\u0171nt honlapokr\u00f3l mentett, meg megl\u00e9v\u0151 oldalakon m\u00e1r el nem \u00e9rhet\u0151, \u00e9rdekesnek, \u00e9rt\u00e9kesnek gondolt anyagok, napl\u00f3jegyzetek, cikkek sorakoznak e rovatban. Az elm\u00falt 15 \u00e9vben p\u00e9ld\u00e1ul ezek a k\u00f6z\u00f6ss\u00e9gi bloghelyek t\u0171ntek el az internetr\u0151l: freeblog, blogter, blogol, nolblog. Korl\u00e1tozott\u00e1 v\u00e1lt a cafeblog haszn\u00e1lata. Sok port\u00e1l \u00fagy&#8230;<\/p>\n<p class=\"continue-reading-button\"> <a class=\"continue-reading-link\" href=\"https:\/\/kiszo.hhrf.org\/seo\/mentes\/\">Itt a teljes cikk<i class=\"crycon-right-dir\"><\/i><\/a><\/p>\n","protected":false},"author":1,"featured_media":0,"parent":0,"menu_order":0,"comment_status":"closed","ping_status":"closed","template":"","meta":{"footnotes":""},"categories":[],"tags":[],"class_list":["post-1308","page","type-page","status-publish","hentry"],"aioseo_notices":[],"_links":{"self":[{"href":"https:\/\/kiszo.hhrf.org\/seo\/wp-json\/wp\/v2\/pages\/1308","targetHints":{"allow":["GET"]}}],"collection":[{"href":"https:\/\/kiszo.hhrf.org\/seo\/wp-json\/wp\/v2\/pages"}],"about":[{"href":"https:\/\/kiszo.hhrf.org\/seo\/wp-json\/wp\/v2\/types\/page"}],"author":[{"embeddable":true,"href":"https:\/\/kiszo.hhrf.org\/seo\/wp-json\/wp\/v2\/users\/1"}],"replies":[{"embeddable":true,"href":"https:\/\/kiszo.hhrf.org\/seo\/wp-json\/wp\/v2\/comments?post=1308"}],"version-history":[{"count":0,"href":"https:\/\/kiszo.hhrf.org\/seo\/wp-json\/wp\/v2\/pages\/1308\/revisions"}],"wp:attachment":[{"href":"https:\/\/kiszo.hhrf.org\/seo\/wp-json\/wp\/v2\/media?parent=1308"}],"wp:term":[{"taxonomy":"category","embeddable":true,"href":"https:\/\/kiszo.hhrf.org\/seo\/wp-json\/wp\/v2\/categories?post=1308"},{"taxonomy":"post_tag","embeddable":true,"href":"https:\/\/kiszo.hhrf.org\/seo\/wp-json\/wp\/v2\/tags?post=1308"}],"curies":[{"name":"wp","href":"https:\/\/api.w.org\/{rel}","templated":true}]}}