{"id":1355,"date":"2021-12-11T11:40:15","date_gmt":"2021-12-11T09:40:15","guid":{"rendered":"https:\/\/kiszo.hhrf.org\/seo\/?page_id=1355"},"modified":"2021-12-11T11:40:15","modified_gmt":"2021-12-11T09:40:15","slug":"edek-te-bitang-mrozek-tango","status":"publish","type":"page","link":"https:\/\/kiszo.hhrf.org\/seo\/mentes\/edek-te-bitang-mrozek-tango\/","title":{"rendered":"Edek, te bitang, \u00f3! &#8211; Mro\u017cek: Tang\u00f3"},"content":{"rendered":"<h2>Cikk a Papiruszport\u00e1lr\u00f3l: Edek, te bitang<\/h2>\n<p>A Papiruszport\u00e1l kultur\u00e1lis webmagazin hosszabb ideig el\u00e9rhetetlen volt a neten, majd a port\u00e1l \u00faj k\u00fcls\u0151vel \u00fajraindult, de arch\u00edvum\u00e1nak d\u00f6nt\u0151 h\u00e1nyada egyel\u0151re tov\u00e1bbra is el\u00e9rhetetlen (kritik\u00e1k, ismertet\u00e9sek, besz\u00e1mol\u00f3k ezersz\u00e1mra), \u00edgy az al\u00e1bbi sz\u00ednikritika sem olvashat\u00f3 eredeti hely\u00e9n \u00e9s a Google-keres\u00e9s sem seg\u00edt.<\/p>\n<h1>S\u0142awomir Mro\u017cek: Tang\u00f3<\/h1>\n<p>Szerz\u0151:<strong> leho<\/strong><br \/>\n2013. m\u00e1jus 23.<\/p>\n<blockquote><p><img decoding=\"async\" class=\"alignleft\" src=\"https:\/\/web.archive.org\/web\/20200815131209im_\/http:\/\/www.papiruszportal.hu\/feltolt\/Image\/szinhaz_film\/tokok_plakatok\/tangoszoro_plak.jpg\" alt=\" mrozek tang\u00f3\" width=\"68\" height=\"96\" align=\"left\" \/>Itt vannak az \u00e1szok, v\u00edgan dudor\u00e1szok<span style=\"color: #ff0000;\">*<\/span> \u2013 valami hasonl\u00f3 hazard\u0151r tucatszellemess\u00e9ggel indul a darab, a szabadsz\u00e1j\u00fa nagymama (Pog\u00e1ny Judit), a m\u00e1sodik gyermekkor\u00e1t \u00e9l\u0151 \u00f6ccse (Csuja Imre) \u00e9s a t\u00falzottan szofisztik\u00e1lt gondolatokkal nem k\u00fczd\u0151 h\u00e1zibar\u00e1t, Edek (Debreczeny Csaba) veri a blattot. A d\u00edszlet eklektikus-posztmodern-treh\u00e1ny, de kortalan lak\u00e1sbels\u0151, v\u00e9c\u00e9cs\u00e9sz\u00e9k l\u00f3gnak az \u00e9gb\u0151l stb.<\/p><\/blockquote>\n<p>Majd sz\u00ednre l\u00e9p kombin\u00e9ban az anya (F\u00fcr Anik\u00f3), k\u00e9s\u0151bb az \u00f6n ki\/be teljes\u00edt\u0151 pizsamaslicce-gombolatlan apa, egy ott alv\u00f3 \u00e1lszende sz\u0151ke unokah\u00fag (Szandtner Anna), s v\u00e9gre megjelenik a kis gonosz medikus (M\u00e1th\u00e9 Zsolt), aki gaty\u00e1ba akar r\u00e1zni. M\u00e1r az \u00f6nmag\u00e1b\u00f3l kivetk\u0151z\u00f6tt csal\u00e1dj\u00e1t.<\/p>\n<p>Rendnek kell lenni!<\/p>\n<p>Mi v\u00e9gre? Mro\u017cek\u00a01964-es, ma is aktu\u00e1lis dr\u00e1m\u00e1j\u00e1nak nagyj\u00e1ban-eg\u00e9sz\u00e9ben ez a veleje. Mi v\u00e9gre a l\u00e1zad\u00e1s, ha m\u00e1r minden ellen l\u00e1zadtunk \u00e9s mindent el\u00e9rt\u00fcnk? Mi marad a k\u00f6vetkez\u0151 nemzed\u00e9knek, ami ellen l\u00e1zadhat? Az emberis\u00e9g od\u00e1ig jutott, hogy nincs m\u00e1r trag\u00e9dia \u2013 magyar\u00e1zza a pro forma is performer apa a sz\u00fclei l\u00e1zad\u00e1sa ellen \u00e9vsz\u00e1zados polg\u00e1ri er\u00e9nyekkel, sarkos \u00e9letszab\u00e1lyokkal felv\u00e9rtezve l\u00e1zad\u00f3 fi\u00fanak.<\/p>\n<p>Nagyszer\u0171 darab, Mro\u017cek kaj\u00e1n k\u00e9ppel \u00e1llap\u00edthatn\u00e1 meg: 2013-ban ugyan\u00fagy \u00fct, p\u00e9ld\u00e1ul Magyarorsz\u00e1gon, mint t\u00edz \u00e9vvel ezel\u0151tt. Ki\u00fcresedett csal\u00e1di mili\u0151. Megmaradt h\u00f3bortjaiknak \u00e9l\u0151 nagysz\u00fcl\u0151k, c\u00e9l n\u00e9lk\u00fcl teng\u0151-leng\u0151 k\u00f6z\u00e9pgener\u00e1ci\u00f3, ideges, mindent akar\u00f3 fiatals\u00e1g, kil\u00e1t\u00e1stalan k\u00f6rforg\u00e1s.<\/p>\n<p>A csehovi id\u0151m\u00falat\u00e1sba \u2013 \u00f6r\u00f6k\u00f6s k\u00e1rtyapartik, Eleon\u00f3ra \u00e9s Edek viszonya, Sztomil performanszai \u2013 belerond\u00edt Art\u00far, s meg akarja nevelni a csal\u00e1dj\u00e1t. S\u0151t, az \u00e9lete p\u00e1rj\u00e1nak kiszemelt unokah\u00faghoz is m\u00e1sk\u00e9pp k\u00f6zeledik, mint ahogy szok\u00e1s \u00e9s az el is v\u00e1rn\u00e1. Polg\u00e1ri rend szerint akarja elvenni feles\u00e9g\u00fcl. Art\u00far fel akarja \u00e9breszteni apja f\u00e9lt\u00e9kenys\u00e9g\u00e9t is, kez\u00e9be nyom egy pisztolyt, ak\u00e1r trag\u00e9dia \u00e1r\u00e1n is ki akarja r\u00e1ngatni \u0151t a posv\u00e1nyb\u00f3l. Nem siker\u00fcl, a folytonos filozof\u00e1l\u00e1s k\u00f6zben r\u00e1\u00e9bred, ezekkel csak bottal lehet besz\u00e9lni, v\u00e9gs\u0151 soron csup\u00e1n a hatalom v\u00e1ltoztathatja meg \u0151ket.<\/p>\n<p>Art\u00far az igazi \u00f6nmag\u00e1t megtal\u00e1l\u00f3 Eug\u00e9niusz b\u00e1csi (nem egy EU-g\u00e9niusz) seg\u00edts\u00e9g\u00e9vel el\u00e9ri, hogy m\u00e1r-m\u00e1r minden beleillik a mosolyalbumba, mindenki beler\u00e1z\u00f3dik a padl\u00e1sr\u00f3l lehurcolt \u00e9s molyos polg\u00e1ri ruh\u00e1kba (apj\u00e1ra m\u00e9g f\u0171z\u0151t is aggatna nagyb\u00e1tyja), felveszi a jobbik \u00e9nj\u00e9t, s elj\u00f6n a kit\u0171z\u00f6tt esk\u00fcv\u0151 napja. A lak\u00e1st kitakar\u00edtj\u00e1k, csupaszak lesznek a falak, elt\u0171nik minden hippis, undergroudos berendez\u00e9si t\u00e1rgy, s\u0151t oda Edek Bundesliga-bajusza \u00e9s meleg\u00edt\u0151je is.<\/p>\n<p>A nagymama azonban hal\u00e1l\u00e1val, egyfajta l\u00e1zad\u00e1s ez is, belerond\u00edt az idilli \u00f6sszk\u00e9pbe. Ala sem biztos Art\u00far \u00e9rzelmeiben, \u0151 \u201eboldog\u201d akar lenni, \u00e9s azt csin\u00e1lni, ami neki j\u00f3, Art\u00far viszont semmi k\u00e9zzel foghat\u00f3 bizony\u00edt\u00e9kkal nem szolg\u00e1lt a nagy napig, hogy val\u00f3ban \u00e9l-hal \u00e9rte, \u00e9s v\u00e9g\u00fcl a zsarnoki gyermeket a lak\u00e1jj\u00e1 nemesedett Edek l\u00f6vi le, aki ann\u00e1l ink\u00e1bb \u00e9rdekl\u0151d\u00f6tt Ala boldogs\u00e1gfaktora ir\u00e1nt.<\/p>\n<p>Edek, mint Eleon\u00f3ra t\u00f6bbsz\u00f6r kijelentette, mindent \u00fagy tesz, ahogy kell, nem viszi t\u00falz\u00e1sba a gondolkod\u00e1st (nem gondolkodik), \u00e9l a maga term\u00e9szetess\u00e9g\u00e9ben. A h\u00e1zibar\u00e1t azonban egyszer csak felismeri, elj\u00f6tt az \u0151 ideje, s maga al\u00e1 gy\u0171ri a csal\u00e1dot. A hatalommal az intelligens Art\u00far nem tud mit kezdeni, megfert\u0151z\u00f6ttjei, a b\u00e1csi \u00e9s a nevet\u0151 harmadik, Edek tang\u00f3ja a z\u00e1r\u00f3jelenetben viszont egy m\u00e9g kil\u00e1t\u00e1stalanabb j\u00f6v\u0151t vet\u00edt el\u0151re.<\/p>\n<p>L\u00fcktet\u0151, frapp\u00e1ns a sz\u00f6veg, semmi rizspoross\u00e1g nem \u00e9rz\u0151dik rajta; hol magasr\u00f6pt\u0171, intellektu\u00e1lis, hol orden\u00e1r\u00e9, vaskos, hol egyszer\u0171en szellemes, humoros a nyelvezet. A rendez\u0151 j\u00f3l v\u00e1lasztott sz\u00edn\u00e9szeket, akik \u00e9pp a testhez \u00e1ll\u00e1s (\u00e9s a kit\u0171n\u0151 darab) miatt nagyszer\u0171 alak\u00edt\u00e1sokkal \u00f6rvendeztett\u00e9k meg a publikumot. Tal\u00e1n a legnehezebb feladatot kap\u00f3 M\u00e1th\u00e9 Zsolt birk\u00f3zott meg kev\u00e9sb\u00e9 a szereppel, a t\u00f6bbiek igazi jutalomj\u00e1t\u00e9kk\u00e9nt fogt\u00e1k fel karakter\u00fcket, szinte lubickoltak benne. Az \u00d6rk\u00e9ny, nev\u00e9hez h\u0171en, megint egy abszurd darabot hozott le a k\u00f6z\u00e9p-eur\u00f3pai padl\u00e1sr\u00f3l, \u00e9s milyen j\u00f3l tette.<\/p>\n<p style=\"text-align: right;\">2012. m\u00e1jus 17.<\/p>\n<h2>\u00d6rk\u00e9ny Sz\u00ednh\u00e1z, Budapest<\/h2>\n<p><img decoding=\"async\" class=\"alignright\" title=\"S\u0142awomir Mro\u017cek: Tang\u00f3\" src=\"https:\/\/web.archive.org\/web\/20200815131209im_\/http:\/\/www.papiruszportal.hu\/feltolt\/Image\/szinhaz_film\/tokok_plakatok\/tangoszoro_plak.jpg\" alt=\" \u00d6rk\u00e9ny Budapest - Mro\u017cek: Tang\u00f3\" width=\"170\" height=\"240\" align=\"right\" \/>Eug\u00e9nia, a nagymama Pog\u00e1ny Judit<br \/>\nEug\u00e9niusz, az \u00f6ccse Csuja Imre<br \/>\nSztomil, az apa M\u00e1csai P\u00e1l<br \/>\nEleon\u00f3ra, az anya F\u00fcr Anik\u00f3<br \/>\nArt\u00far, a fi\u00fa M\u00e1th\u00e9 Zsolt<br \/>\nAla, az unokah\u00fag Szandtner Anna<br \/>\nEdek Debreczeny Csaba<\/p>\n<p>D\u00edszlet: Khell Zsolt<br \/>\nJelmez: Ignjatovic Kristina<br \/>\nDramaturg: G\u00e1sp\u00e1r Ildik\u00f3<br \/>\n\u00dcgyel\u0151: Berta Tam\u00e1s<br \/>\nS\u00fag\u00f3: Kanizsay Zita<br \/>\nAsszisztens: Horv\u00e1th \u00c9va<br \/>\nRendez\u0151: Bagossy L\u00e1szl\u00f3<\/p>\n<hr \/>\n<p><span style=\"color: #ff0000;\">*<\/span> Az r\u00edmp\u00e1r eredetileg Romh\u00e1nyi J\u00f3zsef lelem\u00e9nye \u00e9s a <em>Fr\u00e9di \u00e9s B\u00e9ni<\/em> rajzfilmben hangzik el: Ha itt lesznek az \u00e1szok, v\u00edgan dudor\u00e1szok<\/p>\n<p>A sz\u00ednh\u00e1zi kritika eredetileg a Papiruszport\u00e1l webmagazin publik\u00e1ci\u00f3ja. A weboldal anyagai hosszabb ideje el\u00e9rhetetlenek. Az internetes tartalmak felt\u00e9rk\u00e9pez\u00e9s\u00e9t seg\u00edt\u0151 m\u00f3dszer budapesti v\u00e1llalkoz\u00e1sok, int\u00e9zm\u00e9nyek sz\u00e1m\u00e1ra:<\/p>\n<ul>\n<li><a title=\"Havid\u00edjas Seo Google\" href=\"https:\/\/keresooptimalizalas.balla.biz\/\" target=\"_blank\" rel=\"noopener\">Honlap keres\u0151optimaliz\u00e1l\u00e1s Budapest<\/a><\/li>\n<\/ul>\n","protected":false},"excerpt":{"rendered":"<p>Cikk a Papiruszport\u00e1lr\u00f3l: Edek, te bitang A Papiruszport\u00e1l kultur\u00e1lis webmagazin hosszabb ideig el\u00e9rhetetlen volt a neten, majd a port\u00e1l \u00faj k\u00fcls\u0151vel \u00fajraindult, de arch\u00edvum\u00e1nak d\u00f6nt\u0151 h\u00e1nyada egyel\u0151re tov\u00e1bbra is el\u00e9rhetetlen (kritik\u00e1k, ismertet\u00e9sek, besz\u00e1mol\u00f3k ezersz\u00e1mra), \u00edgy az al\u00e1bbi sz\u00ednikritika sem olvashat\u00f3 eredeti hely\u00e9n \u00e9s a Google-keres\u00e9s sem&#8230;<\/p>\n<p class=\"continue-reading-button\"> <a class=\"continue-reading-link\" href=\"https:\/\/kiszo.hhrf.org\/seo\/mentes\/edek-te-bitang-mrozek-tango\/\">Itt a teljes cikk<i class=\"crycon-right-dir\"><\/i><\/a><\/p>\n","protected":false},"author":1,"featured_media":0,"parent":1308,"menu_order":0,"comment_status":"closed","ping_status":"closed","template":"","meta":{"footnotes":""},"categories":[169],"tags":[168,170],"class_list":["post-1355","page","type-page","status-publish","hentry","category-mentes-maskent","tag-budapest","tag-szinhaz"],"aioseo_notices":[],"_links":{"self":[{"href":"https:\/\/kiszo.hhrf.org\/seo\/wp-json\/wp\/v2\/pages\/1355","targetHints":{"allow":["GET"]}}],"collection":[{"href":"https:\/\/kiszo.hhrf.org\/seo\/wp-json\/wp\/v2\/pages"}],"about":[{"href":"https:\/\/kiszo.hhrf.org\/seo\/wp-json\/wp\/v2\/types\/page"}],"author":[{"embeddable":true,"href":"https:\/\/kiszo.hhrf.org\/seo\/wp-json\/wp\/v2\/users\/1"}],"replies":[{"embeddable":true,"href":"https:\/\/kiszo.hhrf.org\/seo\/wp-json\/wp\/v2\/comments?post=1355"}],"version-history":[{"count":0,"href":"https:\/\/kiszo.hhrf.org\/seo\/wp-json\/wp\/v2\/pages\/1355\/revisions"}],"up":[{"embeddable":true,"href":"https:\/\/kiszo.hhrf.org\/seo\/wp-json\/wp\/v2\/pages\/1308"}],"wp:attachment":[{"href":"https:\/\/kiszo.hhrf.org\/seo\/wp-json\/wp\/v2\/media?parent=1355"}],"wp:term":[{"taxonomy":"category","embeddable":true,"href":"https:\/\/kiszo.hhrf.org\/seo\/wp-json\/wp\/v2\/categories?post=1355"},{"taxonomy":"post_tag","embeddable":true,"href":"https:\/\/kiszo.hhrf.org\/seo\/wp-json\/wp\/v2\/tags?post=1355"}],"curies":[{"name":"wp","href":"https:\/\/api.w.org\/{rel}","templated":true}]}}